ded by v?
12
Let q be 2 - ((-3)/(-2))/((-3)/6). Suppose -2*m + q*o = 3 + 1, -5*m + 20 = -5*o. What is the remainder when 54 is divided by m?
6
Let h(n) = 2*n + 76. Let a(q) = -3*q - 153. Let g(k) = -3*a(k) - 5*h(k). Calculate the remainder when g(13) is divided by 34.
32
Let k(d) = -d**3 + 6*d**2 + 8*d + 8. Let q = 139 - 110. What is the remainder when q is divided by k(7)?
14
Suppose 356*p - 352*p = 100. Calculate the remainder when 222 is divided by p.
22
Let s be (10/30)/((-2)/(-42)). Let t(h) = 3*h**2 - 14*h - 17. What is the remainder when t(s) is divided by 9?
5
What is the remainder when (-3)/((-6)/4*(-10)/(-4855)) is divided by 12?
11
Let l = -13 + -28. Let b = l - -85. What is the remainder when b is divided by (-12 - 2)/(-1) - 2?
8
What is the remainder when -8 + (-6566)/(-13 - 1) is divided by 153?
2
What is the remainder when (-2 - -2) + 168 - (9 - 8) is divided by 54?
5
Let a be -2 + 180/8 - (-1)/2. Suppose 27 + a = 6*t. What is the remainder when 6*3*(-10)/(-6) is divided by t?
6
What is the remainder when (-36)/6*(82/(-12) + -1) is divided by 26?
21
Suppose -o + 94 = -a + 9, 3*a + 12 = 0. Calculate the remainder when o is divided by 63.
18
Let m = 55 + -94. Let x = m - -95. Calculate the remainder when x is divided by 58/((-8)/(-2) + 20 + -22).
27
Let c be (5/2)/((9/102)/3). Let g = c + -65. Calculate the remainder when g is divided by 8.
4
Calculate the remainder when 277 is divided by (-70)/7*1*-4.
37
Let i(o) = o**3 + 4*o**2 - 3*o + 1. Suppose 2*v + 39 = -3*z, 3*v = -2*z - 6 - 15. Let u = 20 - z. What is the remainder when u is divided by i(-3)?
16
Let d = 18 - -60. Calculate the remainder when d is divided by 44.
34
Suppose 3*i = 5*a - 131, -4*a - 23 = 3*i - 144. What is the remainder when 192 is divided by a?
24
Suppose -2*k + 549 = x, 2*x + 2211 = 8*k + 3*x. What is the remainder when k is divided by 57?
49
Let x be 0 + 2 - (-186 + 5). Let q = x - 127. Calculate the remainder when q is divided by 30.
26
Suppose -15*o + 1135 + 290 = 0. Let n = 3 + 3. Suppose -h - o = -n*h. What is the remainder when h is divided by 7?
5
Let u = -317 - -333. Calculate the remainder when 55 is divided by u.
7
Suppose 0 = g - 0*g - 8. Let z(l) be the third derivative of l**4/24 - l**3/2 + 7*l**2. Calculate the remainder when z(g) is divided by 2.
1
Suppose -8*s = -0*s - 440. Suppose -v + 12*b + 4 = 10*b, 5*v - 3*b - s = 0. What is the remainder when v is divided by 5?
4
Let n(y) = 26*y**2 - 2*y - 15. What is the remainder when n(-3) is divided by 78?
69
Let j(b) = -b + 62. Let l be j(0). Suppose -l = -6*w + 4*w. Calculate the remainder when 92 is divided by w.
30
Let r(s) = s**3 - 9*s**2 - 13*s + 13. Let a be r(10). Let t = 44 + a. What is the remainder when t is divided by 15?
12
Let j = 74 + -35. Let q = j + -25. Calculate the remainder when 55 is divided by q.
13
Let o = 171 - 95. Let r = 30 + -10. Calculate the remainder when o is divided by r.
16
Let r(v) = -v**3 - 2*v + 2. Let o be r(0). Suppose -5*s - o*p = -107, -3*p - 65 = -3*s - 4*p. Calculate the remainder when s is divided by 13.
10
Let b = 103 - 97. Calculate the remainder when 59 is divided by b.
5
Suppose -358 = 5*i - 1108. Calculate the remainder when i is divided by 52.
46
Suppose 0 = -2*o + 2 + 30. Suppose 4*m + o = -0*x + x, x - 3*m = 13. Let l = x - -2. Calculate the remainder when 9 is divided by l.
3
Let h(y) = 8*y**2 - 4*y - 7. Let m(d) = 9*d**2 - 3*d - 7. Let x(k) = 6*h(k) - 5*m(k). Calculate the remainder when x(7) is divided by 16.
13
Let n(z) = z**3 + 16*z**2 - 30*z - 28. What is the remainder when n(-17) is divided by 87?
19
Suppose 15 = 4*x + x. Let i = x + 11. Calculate the remainder when 726/i - (-2)/14 is divided by 27.
25
Suppose 144 + 72 = 4*z. Let x = 72 - 49. Suppose 3*l = -l - 4, -5*l = m - x. What is the remainder when z is divided by m?
26
Let k(w) = -w**2 - 6*w + 2. Let j(r) = -7*r + 3. Let u(d) = 6*j(d) - 7*k(d). What is the remainder when u(-2) is divided by 7?
4
Let d(z) = -z**3 - 19*z**2 - 7. Let s be d(-19). What is the remainder when (4356/231)/((-2)/s) is divided by 23?
20
Suppose 2*u - 4*u + 120 = 0. Suppose -5*q - 55 = -4*g, -7*g + 80 = -2*g + 5*q. Calculate the remainder when g is divided by 228/u - (-1 - 4/(-5)).
3
What is the remainder when 303 is divided by ((-2)/(-3))/(15*(-24)/(-4320))?
7
Let d = -23831 + 23845. Suppose 4 = -w - 2. Calculate the remainder when (-1 + 34/w)*-6 is divided by d.
12
Suppose 0 = 5*b - 5*t - 65, 0*t - 2*t - 62 = -4*b. Calculate the remainder when (-2)/(-12) + 1005/b is divided by 16.
8
Let h(j) = j**2 - j + 1. Let x(s) = 7*s**2 + 3*s + 12. Let k(c) = 6*h(c) - x(c). Suppose -46*v = -35*v + 66. What is the remainder when 34 is divided by k(v)?
10
Let f(o) = 2*o**2 - 9*o + 11. Let l be f(6). Let t = 34 - l. What is the remainder when 18 is divided by t?
3
Let b = -43 - -26. Let p = b - -35. Calculate the remainder when 34 is divided by p.
16
Suppose -5*t + 2*x + 1 = -99, 0 = -2*t - 2*x + 40. What is the remainder when 272 is divided by t?
12
Suppose 24 = 5*v - 36. Suppose 16*g - 1479 = -567. What is the remainder when g is divided by v?
9
Suppose 4*s + 131 = 2*l + 3*s, -5*s - 5 = 0. Let r = -53 + l. Calculate the remainder when 81 is divided by r.
9
Suppose 88 = 16*l - 12*l. Let f = 51 + -45. Calculate the remainder when l is divided by f.
4
Let o(f) = -f**3 - 31*f**2 - 142*f + 54. Let w = -9 - -15. Calculate the remainder when w is divided by o(-6).
0
Let b be (-1)/((-9)/(-30))*9. Calculate the remainder when -2*(-9)/117 - (-271)/13 is divided by 10/b*(-34 - -1).
10
Let m(d) = 26*d + 242. What is the remainder when m(-5) is divided by 69?
43
Suppose -3*w - 126 = 4*w. Let f = w - -23. Let u(n) = 3*n**2 - 8*n - 6. What is the remainder when u(f) is divided by 15?
14
Suppose -y - 42 = -8*y. Suppose -4*z = -y*z + 4. What is the remainder when ((-18)/4 + 2)*-2 is divided by z?
1
Calculate the remainder when 124 is divided by 330/(-40)*(0 + -8).
58
Suppose 29 - 3 = a - 5*f, 0 = -2*a + 4*f + 28. Let k(p) = -30*p**3 - 2*p**2 - 2*p - 1. Calculate the remainder when k(-1) is divided by a.
5
Let f = 391 + -271. Let b = -75 + f. Calculate the remainder when 133 is divided by b.
43
Suppose 141 = 7*t + 29. What is the remainder when t is divided by 4?
0
Let l be (6 + 2)*(-1)/2. Let h(p) = p**2 + p + 4. Calculate the remainder when (-748)/(-28) - l/14 is divided by h(-3).
7
Let g = -2 + 10. Calculate the remainder when 186 is divided by g.
2
Let c(n) = 23*n + 7. Let h be c(-3). Let l = h - -73. What is the remainder when 41 is divided by l?
8
Let m(a) = -a**3 + 11*a**2 + 22*a + 74. Calculate the remainder when 54 is divided by m(13).
10
Suppose 4*s - 98 = -3*x, s + 0*s = -4*x + 109. What is the remainder when 292 is divided by x?
6
Let c be 1/6*2 + 112/(-12). Let h(x) = x**2 - 29. What is the remainder when h(c) is divided by 18?
16
Calculate the remainder when (-6)/(72/(-2508)) + 5*-1 is divided by 32.
12
Let n(p) = -17*p + 103. Calculate the remainder when 31 is divided by n(5).
13
Let r(l) = 3*l**3 - 2*l**2 + l. Suppose -u - u = 10, -11 = -2*v + u. Calculate the remainder when r(2) is divided by v.
0
What is the remainder when -4 - 1 - -15*(-88)/(-24) is divided by 33?
17
Let l(q) = -q**3 - 3*q**2 + 2*q. Let t be 1/(-4) - (-13215)/60. Suppose -6*p - 4*p + t = 0. Calculate the remainder when p is divided by l(-4).
6
Suppose 0*p - 4*p = 0. Suppose m - 4*n - 9 = p, -5*m + 0*m - 3*n = -22. Calculate the remainder when 83 is divided by (-2 + m)*(0 + 7).
20
Suppose 0 = 3*k + b - 5*b - 172, -3*b - 114 = -2*k. Let d = -19 - -16. Let m(h) = h**2 - 7*h - 9. What is the remainder when k is divided by m(d)?
18
Suppose -3*k - 136 = -i, 4*k = 5*i + 6*k - 765. Calculate the remainder when i is divided by 19.
18
Calculate the remainder when 92/(-138) + 220/6 is divided by 15.
6
Suppose -3*g + 336 = -9*g. Let l = 72 + g. Calculate the remainder when ((-31)/3)/((-2)/6) is divided by l.
15
Suppose -2*q - 5*f + 24 = 0, 0*q + 3*q - 36 = 4*f. Suppose a = -5, -2*n - 5*a - 4 = -1. Calculate the remainder when q is divided by n.
1
Let x(v) = 7*v**2 + 13*v - 17 - 6*v**2 + 0*v**2. Let a be x(-14). What is the remainder when 20 is divided by (-2 - a)/(2/14)?
6
Suppose -3*i - 5*x = 133, 27*x - 22*x = i + 11. Let z be 1/(-4) + 26/8. Calculate the rema